{"id":65,"date":"2022-01-25T13:52:06","date_gmt":"2022-01-25T13:52:06","guid":{"rendered":"https:\/\/sercoenergia.com\/?page_id=65"},"modified":"2022-02-14T12:59:46","modified_gmt":"2022-02-14T12:59:46","slug":"politica-de-privacidad","status":"publish","type":"page","link":"https:\/\/sercoenergia.com\/index.php\/politica-de-privacidad\/","title":{"rendered":"POL\u00cdTICA DE PRIVACIDAD"},"content":{"rendered":"\n<h3 class=\"wp-block-heading\" id=\"i-introduccion\"><strong>I. INTRODUCCI\u00d3N<\/strong><\/h3>\n\n\n\n<p><strong>Serco 2004 S.L <\/strong>(en adelante, la organizaci\u00f3n) se reserva la facultad de modificar esta Pol\u00edtica con el objeto de adaptarla a novedades legislativas, criterios jurisprudenciales, pr\u00e1cticas del sector, o intereses de la entidad. Cualquier modificaci\u00f3n en la misma ser\u00e1 anunciada con la debida antelaci\u00f3n, a fin de que tengas perfecto conocimiento de su contenido.<\/p>\n\n\n\n<p>Para poder prestarte determinados servicios es necesaria la gesti\u00f3n de tus datos personales. A estos efectos, los mismos, se incorporar\u00e1n a las correspondientes actividades de tratamiento de La organizaci\u00f3n <strong>Serco 2004 S.L<\/strong>, y ser\u00e1n tratados con la finalidad espec\u00edfica de cada tratamiento, de conformidad, principalmente, con la regulaci\u00f3n establecida por el Reglamento (UE) 2016\/679 del Parlamento Europeo y del Consejo, de 27 de abril de 2016, relativo a la protecci\u00f3n de las personas f\u00edsicas en lo que respecta al tratamiento de datos personales y a la libre circulaci\u00f3n de estos datos y por el que se deroga la Directiva 95\/46\/CE (Reglamento general de protecci\u00f3n de datos) y la Ley Org\u00e1nica 3\/2018, de 5 de diciembre, de Protecci\u00f3n de Datos Personales y garant\u00eda de los derechos digitales (LOPDGDD).<\/p>\n\n\n\n<h3 class=\"wp-block-heading\" id=\"ii-informacion-general\"><strong>II. INFORMACI\u00d3N GENERAL.<\/strong><\/h3>\n\n\n\n<p>A continuaci\u00f3n, La organizaci\u00f3n informa, de manera general, acerca de la salvaguarda de la privacidad y de la protecci\u00f3n de los datos de car\u00e1cter personal aplicada a las actividades de tratamiento que efect\u00faa a nivel del Portal, as\u00ed como por otros medios:<\/p>\n\n\n\n<h4 class=\"wp-block-heading\" id=\"1-quien-es-el-responsable-del-tratamiento-de-sus-datos-personales\"><strong>1.- \u00bfQui\u00e9n es el Responsable del tratamiento de sus datos personales?<\/strong><\/h4>\n\n\n\n<p><a><\/a><a><\/a><a><\/a><a><\/a> La organizaci\u00f3n <strong>Serco 2004 S.L.<\/strong>, con CIF: <strong>B83768820<\/strong>, tiene la condici\u00f3n de Responsable del Tratamiento, con domicilio social a estos efectos en <strong>C\/ Eur\u00edpides, 61, 28341, Valdemoro, (Madrid)<\/strong><\/p>\n\n\n\n<ul class=\"wp-block-list\"><li> <strong>Somos una entidad inscrita en el siguiente Registro Mercantil \/Registro P\u00fablico:<\/strong><\/li><li><strong>Actividad:<\/strong> <strong>Servicios integrales de ahorro energ\u00e9tico.<\/strong><\/li><li> <strong>Email de contacto:<\/strong> informa.serco@gmail.com<\/li><li><strong>Tel\u00e9fono de contacto:<\/strong> <strong>607833030<\/strong><\/li><li><strong>Nuestra web:<\/strong> https:\/\/sercoenergia.com<\/li><\/ul>\n\n\n\n<h4 class=\"wp-block-heading\" id=\"2-para-que-tratamos-sus-datos-personales\"><strong>2.- \u00bfPara qu\u00e9 tratamos sus datos personales?<\/strong><\/h4>\n\n\n\n<p>La finalidad de la recogida y tratamiento de los datos personales, a trav\u00e9s de los distintos formularios propiedad de la organizaci\u00f3n, puestos a disposici\u00f3n de los Usuarios, responden, seg\u00fan el caso concreto, para gestionar y atender a solicitudes de informaci\u00f3n, dudas, quejas, felicitaciones o sugerencias a las publicaciones o a cualesquiera servicios o actividades, actos o eventos prestados, ofertados, patrocinados y\/o esponsorizados por la organizaci\u00f3n. En concreto en la organizaci\u00f3n tratamos los datos con estas finalidades:<\/p>\n\n\n\n<ul class=\"wp-block-list\"><li>Informaci\u00f3n y, en su caso, tramitaci\u00f3n de la solicitud de alta y gesti\u00f3n de su condici\u00f3n como Asociado de la organizaci\u00f3n \/ Cliente de la organizaci\u00f3n.<\/li><li>Gesti\u00f3n econ\u00f3mica, contable, administrativa y de facturaci\u00f3n en cualquier de sus condiciones (Asociado de la organizaci\u00f3n\/ Cliente de la organizaci\u00f3n; pedidos publicaciones; inscripciones).<\/li><li>Gesti\u00f3n de las solicitudes de suscripci\u00f3n para la recepci\u00f3n de comunicados y boletines electr\u00f3nicos acerca de la organizaci\u00f3n.<\/li><li>Atenci\u00f3n, respuesta y gesti\u00f3n de las solicitudes de informaci\u00f3n o de contacto realizadas a la organizaci\u00f3n.<\/li><li>Env\u00edo de informaci\u00f3n sobre los servicios propios de la organizaci\u00f3n, jornadas y eventos que se organicen incluyendo informaci\u00f3n sobre los servicios de la organizaci\u00f3n.<\/li><li>Realizaci\u00f3n de estudios de mercado para medir la calidad de los servicios de la organizaci\u00f3n, a trav\u00e9s de encuestas de satisfacci\u00f3n.<\/li><li>En el caso de compras a trav\u00e9s de la p\u00e1gina web de la organizaci\u00f3n, los datos recabados en la misma se usar\u00e1n para gestionar la relaci\u00f3n contractual con la organizaci\u00f3n, as\u00ed como para la gesti\u00f3n econ\u00f3mica, contable, administrativa, y de facturaci\u00f3n derivada de la misma.<\/li><li>Inclusi\u00f3n, en los casos que corresponda, en el \u00e1rea de acceso restringido de la web.<\/li><\/ul>\n\n\n\n<h4 class=\"wp-block-heading\" id=\"3-cual-es-la-base-juridica-que-legitima-el-tratamiento-de-sus-datos-personales-es-decir-que-fundamenta-o-habilita-el-que-podamos-tratar-sus-datos-personales\"><strong>3.- \u00bfCu\u00e1l es la base jur\u00eddica que legitima el tratamiento de sus datos personales? Es decir \u00bfqu\u00e9 fundamenta o habilita el que podamos tratar sus datos personales?<\/strong><\/h4>\n\n\n\n<p>La base jur\u00eddica que nos legitima para el tratamiento de sus datos personales son las siguientes; (I) el consentimiento otorgado por usted mediante la firma o aceptaci\u00f3n de los pertinentes formularios, para uno o varios fines espec\u00edficos (II) y en su caso la ejecuci\u00f3n de un contrato del que Ud. sea parte, en condici\u00f3n de contratista o cliente.<\/p>\n\n\n\n<h4 class=\"wp-block-heading\" id=\"4-durante-cuanto-tiempo-conservamos-sus-datos-personales\"><strong>4.- \u00bfDurante cu\u00e1nto tiempo conservamos sus datos personales?<\/strong><\/h4>\n\n\n\n<p>Sus datos personales los conservaremos durante el plazo correspondiente para mantener un historial de atenci\u00f3n y gestionar nuestros servicios de forma eficiente y la persona interesada no solicite su supresi\u00f3n. Incluso solicitada la supresi\u00f3n, se mantendr\u00e1n bloqueados durante el tiempo necesario, y limitando su tratamiento, \u00fanicamente para alguno de estos supuestos: cumplir con las obligaciones legales\/contractuales de cualquier tipo a que estemos sometidos y\/o durante los plazos legales previstos para la prescripci\u00f3n de cualesquiera responsabilidades por nuestra parte y\/o el ejercicio o la defensa de reclamaciones derivadas de la relaci\u00f3n mantenida con el titular de los datos.<\/p>\n\n\n\n<h4 class=\"wp-block-heading\" id=\"5-quien-debe-mantener-los-datos-actualizados\"><strong>5.- \u00bfQui\u00e9n debe mantener los datos actualizados?<\/strong><\/h4>\n\n\n\n<p>Por otro lado, con el fin de que los datos obrantes en nuestros ficheros, inform\u00e1ticos y\/o en papel, siempre correspondan a la realidad, se tratar\u00e1 de mantener actualizados. De manera que, a estos efectos, el Usuario deber\u00e1 realizar los cambios, directamente, cuando as\u00ed est\u00e9 habilitado o comunic\u00e1ndose, por medio fehaciente, al \u00e1rea o departamento correspondiente de la organizaci\u00f3n.<\/p>\n\n\n\n<h4 class=\"wp-block-heading\" id=\"6-quienes-pueden-ser-cesionarios-o-destinatarios-de-sus-datos-personales\"><strong>6.- \u00bfQui\u00e9nes pueden ser cesionarios o destinatarios de sus datos personales?<\/strong><\/h4>\n\n\n\n<p>Los datos personales no ser\u00e1n cedidos o comunicados a terceros, salvo en los supuestos necesarios para el desarrollo, control y cumplimiento de la\/s finalidad\/es expresada\/s, en los supuestos previstos seg\u00fan Ley.<\/p>\n\n\n\n<h4 class=\"wp-block-heading\" id=\"7-seguridad-de-los-datos-personales\"><strong>7.- Seguridad de los datos personales.<\/strong><\/h4>\n\n\n\n<p>La organizaci\u00f3n adoptar\u00e1 en su sistema de informaci\u00f3n las medidas t\u00e9cnicas y organizativas adecuadas, dando cumplimiento al principio de responsabilidad proactiva, a fin de garantizar la seguridad y confidencialidad de los datos almacenados, evitando as\u00ed, su alteraci\u00f3n, p\u00e9rdida, tratamiento o acceso no autorizado; teniendo en cuenta el estado de la t\u00e9cnica, los costes de aplicaci\u00f3n, y la naturaleza, el alcance, el contexto y los fines del tratamiento, as\u00ed como riesgos de probabilidad y gravedad variables asociadas a cada uno de los tratamientos.<\/p>\n\n\n\n<h4 class=\"wp-block-heading\" id=\"8-cuales-son-sus-derechos-en-proteccion-de-datos-y-como-puede-ejercerlos\"><strong>8.- \u00bfCu\u00e1les son sus derechos en protecci\u00f3n de datos y c\u00f3mo puede ejercerlos?<\/strong><\/h4>\n\n\n\n<p>Ud. podr\u00e1 ejercitar los derechos de acceso, rectificaci\u00f3n, supresi\u00f3n, limitaci\u00f3n, portabilidad o, en su caso, oposici\u00f3n. a estos efectos, deber\u00e1 presentar un escrito en la organizaci\u00f3n, mediante correo electr\u00f3nico dirigido a la direcci\u00f3n siguiente informa.serco@gmail.com o la direcci\u00f3n postal indicada anteriormente.<\/p>\n\n\n\n<p>En el escrito deber\u00e1 especificar cu\u00e1l de estos derechos solicita sea satisfecho y, a su vez, deber\u00e1 mostrar o, en caso de env\u00edo postal, acompa\u00f1ar la fotocopia del DNI o documento identificativo equivalente. En caso de que actuara mediante representante, legal o voluntario, deber\u00e1 aportar tambi\u00e9n documento que acredite la representaci\u00f3n y documento identificativo del mismo. Asimismo, en caso de considerar vulnerado su derecho a la protecci\u00f3n de datos personales, podr\u00e1 interponer una reclamaci\u00f3n ante la Agencia Espa\u00f1ola de Protecci\u00f3n de Datos (<a href=\"http:\/\/www.aepd.es\">www.aepd.es<\/a>).<\/p>\n\n\n\n<p>A continuaci\u00f3n, se aporta m\u00e1s informaci\u00f3n acerca del ejercicio de sus derechos en protecci\u00f3n de datos:<\/p>\n\n\n\n<ul class=\"wp-block-list\"><li><strong>\u00bfCu\u00e1les son mis derechos?<\/strong><\/li><li><strong>\u00bfQui\u00e9n puede ejercitar estos derechos ante la organizaci\u00f3n?<\/strong><\/li><li><strong>\u00bfC\u00f3mo y d\u00f3nde puedo ejercitar estos derechos?<\/strong><\/li><\/ul>\n\n\n\n<h3 class=\"wp-block-heading\" id=\"iii-informacion-complementaria-sobre-derechos\"><strong>III. INFORMACI\u00d3N COMPLEMENTARIA SOBRE DERECHOS.<\/strong><\/h3>\n\n\n\n<h4 class=\"wp-block-heading\" id=\"a-cuales-son-mis-derechos\"><strong>a) \u00bfCu\u00e1les son mis derechos?<\/strong><\/h4>\n\n\n\n<p>La normativa de protecci\u00f3n de datos permite que pueda ejercer ante el responsable del tratamiento, la organizaci\u00f3n, los derechos de acceso, rectificaci\u00f3n, oposici\u00f3n, portabilidad, supresi\u00f3n (\u201cderecho al olvido\u201d), limitaci\u00f3n del tratamiento y de no ser objeto de decisiones individualizadas, de conformidad con el Reglamento (UE) 2016\/679, del Parlamento Europeo y del Consejo, de 27 de abril de 2016, relativo a la protecci\u00f3n de las personas f\u00edsicas en lo que respecta al tratamiento de datos personales y a la libre circulaci\u00f3n de estos datos y por el que se deroga la Directiva 95\/46\/CE (Reglamento general de Protecci\u00f3n de datos, en adelante \u00abRGPD\u00bb) y Ley Org\u00e1nica 3\/2018, de 5 de diciembre, de Protecci\u00f3n de Datos Personales y garant\u00eda de los derechos digitales (LOPDGDD):<\/p>\n\n\n\n<p><strong>Derecho de acceso.<\/strong><\/p>\n\n\n\n<p>Usted tiene derecho a conocer:<\/p>\n\n\n\n<ul class=\"wp-block-list\"><li>Si estamos tratando o no datos personales que le conciernen.<\/li><li>El origen de sus datos, si no nos los proporcion\u00f3 Usted.<\/li><li>Los fines del tratamiento de sus datos.<\/li><li>Las categor\u00edas de datos de que se trate.<\/li><li>Los destinatarios o las categor\u00edas de destinatarios a los que se comunicaron o ser\u00e1n comunicados los datos personales.<\/li><li>De ser posible, el plazo previsto de conservaci\u00f3n de los datos personales (o, de no ser posible, los criterios utilizados para determinar este plazo).<\/li><li>El derecho a presentar una reclamaci\u00f3n ante una autoridad de control.<\/li><li>Si tomamos decisiones automatizadas -incluida la elaboraci\u00f3n de perfiles- usando sus datos personales.<\/li><\/ul>\n\n\n\n<p><strong>Derecho de rectificaci\u00f3n.<\/strong><\/p>\n\n\n\n<p>Usted tiene derecho a que se rectifiquen sus datos personales:<\/p>\n\n\n\n<ul class=\"wp-block-list\"><li>Complet\u00e1ndolos, si \u00e9stos fuesen incompletos.<\/li><li>Actualiz\u00e1ndolos o rectific\u00e1ndolos, si por cualquier motivo ya no resultasen acordes a la realidad vigente o fuesen inexactos.<\/li><li>Mediante el ejercicio del derecho de rectificaci\u00f3n, garantizaremos que todos sus datos personales sean precisos y completos.<\/li><\/ul>\n\n\n\n<p><strong>Derecho de supresi\u00f3n.<\/strong><\/p>\n\n\n\n<p>Usted tiene derecho a que se supriman sus datos personales cuando se de alguna de las condiciones siguientes:<\/p>\n\n\n\n<ul class=\"wp-block-list\"><li>Dichos datos ya no sean necesarios para los fines para los que fueron recogidos o tratados.<\/li><li>Usted retire el consentimiento en que basamos el tratamiento de sus datos y \u00e9ste no se pueda amparar en otra base de legitimaci\u00f3n.<\/li><li>Usted haya ejercitado con \u00e9xito el derecho de oposici\u00f3n al tratamiento de sus datos.<\/li><li>Los datos personales hayan sido tratados il\u00edcitamente.<\/li><\/ul>\n\n\n\n<p><strong>Derecho a la limitaci\u00f3n del tratamiento.<\/strong><\/p>\n\n\n\n<p>Usted tendr\u00e1 derecho a obtener la limitaci\u00f3n del tratamiento de sus datos personales (es decir, que los conservemos sin utilizarlos para los fines previstos).<\/p>\n\n\n\n<p><strong>Derecho de oposici\u00f3n.<\/strong><\/p>\n\n\n\n<p>Usted tendr\u00e1 derecho a solicitarnos que dejemos de usar sus datos personales, por ejemplo, cuando crea que los datos personales que tenemos sobre usted puedan ser incorrectos o crea que ya no necesitemos usarlos.<\/p>\n\n\n\n<p><strong>Derecho de portabilidad.<\/strong><\/p>\n\n\n\n<p>Cuando el tratamiento de sus datos est\u00e9 basado en el consentimiento o sea necesario para la ejecuci\u00f3n de un contrato o precontrato y se efect\u00fae por medios automatizados, usted tendr\u00e1 derecho a la portabilidad de sus datos, es decir, a que se le entreguen en formato estructurado, de uso com\u00fan y lectura mec\u00e1nica, incluso a remit\u00edrselos a un nuevo responsable, es por ello que la organizaci\u00f3n le facilitar\u00e1 la portabilidad de tus datos al nuevo responsable.<\/p>\n\n\n\n<h4 class=\"wp-block-heading\" id=\"b-quien-puede-ejercitar-estos-derechos-ante-la-organizacion\"><strong>b) \u00bfQui\u00e9n puede ejercitar estos derechos ante la organizaci\u00f3n?<\/strong><\/h4>\n\n\n\n<p>Ud. en calidad de interesado o titular de los datos de car\u00e1cter personal, actuando en su propio nombre y derecho.<br>A trav\u00e9s de otra persona que act\u00fae, debidamente acreditada, como representante legal (Ej. cuando los titulares de la patria potestad o tutela act\u00faan en nombre de persona menor de 14 a\u00f1os o cuando se act\u00faa como representante legal de una persona con diversidad funcional) o voluntario (persona que Ud. libre y voluntariamente haya otorgado poderes de representaci\u00f3n a estos efectos).<\/p>\n\n\n\n<h4 class=\"wp-block-heading\" id=\"c-como-y-donde-puedo-ejercitar-estos-derechos\"><strong>c) \u00bfC\u00f3mo y d\u00f3nde puedo ejercitar estos derechos?<\/strong><\/h4>\n\n\n\n<ul class=\"wp-block-list\"><li><strong>Por correo Postal:<\/strong><\/li><\/ul>\n\n\n\n<p>Puede presentar el escrito remitiendo a la siguiente direcci\u00f3n postal: <strong>C\/ Eur\u00edpides, 61, 28341, Valdemoro, (Madrid)<\/strong><\/p>\n\n\n\n<ul class=\"wp-block-list\"><li><strong>Por internet:<\/strong><\/li><\/ul>\n\n\n\n<p>Puede presentar el escrito remitiendo un correo electr\u00f3nico a la siguiente direcci\u00f3n informa.serco@gmail.com<\/p>\n\n\n\n<p>En ambos casos, deber\u00e1:<\/p>\n\n\n\n<ul class=\"wp-block-list\"><li>Aportar los datos e informaci\u00f3n suficientes para atender la solicitud. A estos efectos, podr\u00e1 utilizar los modelos de formulario de los que pone a su disposici\u00f3n la Agencia Espa\u00f1ola de Protecci\u00f3n de Datos <a href=\"https:\/\/www.aepd.es\/es\/derechos-y-deberes\/conoce-tus-derechos\">https:\/\/www.aepd.es\/es\/derechos-y-deberes\/conoce-tus-derechos<\/a><\/li><li>Firmar el impreso de manera manuscrita o, en su caso, y de disponer de certificado digital reconocido, firmarlo electr\u00f3nicamente.<\/li><li>Adjuntar fotocopia de DNI, Pasaporte, NIE u otro documento identificativo equivalente.<\/li><\/ul>\n\n\n\n<p>En caso de actuar en representaci\u00f3n de un tercero, se debe incluir tambi\u00e9n copia de su DNI o documento identificativo equivalente, as\u00ed como el documento acreditativo de la representaci\u00f3n del interesado.<\/p>\n\n\n\n<p>Enviar el formulario y documentos acreditativos de su identidad por cualquiera de los medios anteriormente mencionados.<\/p>\n\n\n\n<h4 class=\"wp-block-heading\" id=\"d-informacion-complementaria\"><strong>d) Informaci\u00f3n complementaria.<\/strong><\/h4>\n\n\n\n<p>La organizaci\u00f3n analizar\u00e1 si la petici\u00f3n se ajusta o no a derecho. Comunicar\u00e1 al peticionario la decisi\u00f3n adoptada, procediendo en consecuencia: si es estimatoria, adoptar\u00e1 las medidas oportunas seg\u00fan el derecho ejercido; si es desestimatoria, indicar\u00e1 el sistema de recursos previstos legalmente. En caso de que las solicitudes sean manifiestamente infundadas o excesivas (p. ej., car\u00e1cter repetitivo) La organizaci\u00f3n podr\u00e1: (I) Cobrar un canon proporcional a los costes administrativos soportados (II) Negarse a actuar.<\/p>\n\n\n\n<p>Para m\u00e1s informaci\u00f3n o aclaraci\u00f3n acerca de sus derechos en protecci\u00f3n de datos de car\u00e1cter personal puede remitir escrito a la siguiente direcci\u00f3n de correo electr\u00f3nico informa.serco@gmail.com   <\/p>\n\n\n\n<h3 class=\"wp-block-heading\" id=\"iv-informacion-adicional-sobre-proteccion-de-datos\"><strong>IV. INFORMACI\u00d3N ADICIONAL SOBRE PROTECCI\u00d3N DE DATOS.<\/strong><\/h3>\n\n\n\n<h4 class=\"wp-block-heading\" id=\"1-clientes-y-asociados\"><strong>1. CLIENTES Y ASOCIADOS.<\/strong><\/h4>\n\n\n\n<p>Sus datos son tratados por la organizaci\u00f3n como responsable del tratamiento.<\/p>\n\n\n\n<p>Sus datos personales ser\u00e1n utilizados con la finalidad de mantener relaciones de cualquier \u00edndole con nuestros clientes como consecuencia de la relaci\u00f3n contractual que mantenemos, en especial la referida a la gesti\u00f3n econ\u00f3mica, administrativa y fiscal, de calidad, y atenci\u00f3n personalizada necesarias para dar cumplimiento a la relaci\u00f3n contractual.<\/p>\n\n\n\n<p>La licitud del tratamiento est\u00e1 basada en el art\u00edculo 6.1.b) del RGPD: <em>el tratamiento es necesario para la ejecuci\u00f3n de un contrato en el que el interesado es parte o para la aplicaci\u00f3n a petici\u00f3n de este de medidas precontractuales<\/em> y 6.1c) del RGPD: <em>el tratamiento es necesario para el cumplimiento de una obligaci\u00f3n legal aplicable al responsable del tratamiento.<\/em><\/p>\n\n\n\n<p>El plazo de conservaci\u00f3n de sus datos personales ser\u00e1, mientras dura la relaci\u00f3n establecida y una vez finalizada \u00e9sta, se conservar\u00e1n en base a los plazos legales de conservaci\u00f3n en materia econ\u00f3mica y fiscal, que en base al tipo de documento puede oscilar entre un m\u00ednimo de 4 a\u00f1os y un m\u00e1ximo de 10 a\u00f1os.<\/p>\n\n\n\n<h4 class=\"wp-block-heading\" id=\"2-proveedores\"><strong>2. PROVEEDORES.<\/strong><\/h4>\n\n\n\n<p>Los datos personales del firmante del contrato, as\u00ed como de las personas que participen o est\u00e9n en contacto con ocasi\u00f3n de la prestaci\u00f3n del servicio, ser\u00e1n tratados por la organizaci\u00f3n, en calidad de Responsable de Tratamiento.<\/p>\n\n\n\n<p>La base jur\u00eddica que legitima el tratamiento de los datos es la relaci\u00f3n contractual, para la formalizaci\u00f3n y ejecuci\u00f3n del mismo.<\/p>\n\n\n\n<p>La finalidad del tratamiento es mantener la relaci\u00f3n contractual, en los aspectos econ\u00f3micos y t\u00e9cnicos derivados, as\u00ed como el desarrollo y control del\/los servicio\/s contratado\/s y, en su caso, remisi\u00f3n de informaci\u00f3n sobre las incidencias relacionadas con aqu\u00e9llos.<\/p>\n\n\n\n<p>Los datos no ser\u00e1n cedidos a terceros, salvo que sean comunicados a las entidades p\u00fablicas o privadas, a las cuales sea necesario u obligatorio ceder \u00e9stos para poder gestionar la relaci\u00f3n contractual, as\u00ed como en los supuestos previstos, seg\u00fan Ley.<\/p>\n\n\n\n<p>Los datos se conservar\u00e1n durante el tiempo necesario para cumplir con la finalidad para la que se recabaron y para determinar las posibles responsabilidades que se pudieran derivar de dicha finalidad y del tratamiento de los datos y puedan ser requeridos por las autoridades p\u00fablicas competentes (Agencia Tributaria, Juzgados o Tribunales).<\/p>\n\n\n\n<h4 class=\"wp-block-heading\" id=\"3-redes-sociales\"><strong>3. REDES SOCIALES.<\/strong><\/h4>\n\n\n\n<p>La organizaci\u00f3n cuenta con diferentes perfiles en redes sociales para dar a conocer sus actividades e interactuar con los usuarios. Los usuarios de dichas redes sociales que decidan voluntariamente seguir o ser amigos de la organizaci\u00f3n, manifiestan su consentimiento para el tratamiento de sus datos personales relativos a su perfil para interactuar en la red social. La organizaci\u00f3n no recaba datos procedentes de las redes sociales para finalidades diferentes a las mencionadas.<\/p>\n\n\n\n<p>La utilizaci\u00f3n de redes sociales comporta una transferencia internacional de datos para la prestaci\u00f3n del servicio. Esta comunicaci\u00f3n se realiza en base a la adopci\u00f3n por parte de la red social de cl\u00e1usulas contractuales tipo, conforme a la Decisi\u00f3n 2010\/87 de la Comisi\u00f3n Europea. En cualquier momento puede dejar de seguir o ser amigo de la organizaci\u00f3n.<\/p>\n\n\n\n<p>El usuario debe respetar los derechos de terceros, especialmente, derechos de intimidad y protecci\u00f3n de datos, as\u00ed como la normativa de propiedad intelectual e industrial, en toda aquella informaci\u00f3n que publique en su p\u00e1gina web la organizaci\u00f3n.<\/p>\n\n\n\n<p>Se proh\u00edbe la publicaci\u00f3n de informaci\u00f3n que de cualquier forma atente contra la moral, el orden p\u00fablico, los derechos fundamentales, las libertas p\u00fablicas, con especial atenci\u00f3n al honor, la intimidad o la imagen de terceros y, en general, contra los derechos humanos. El usuario de la web ser\u00e1 el \u00fanico responsable de la informaci\u00f3n que publique.<\/p>\n\n\n\n<p>Recomendamos revise la configuraci\u00f3n de privacidad de la red social y adjuntamos enlace a las diferentes pol\u00edticas de privacidad:<\/p>\n\n\n\n<p>Twitter: <a href=\"https:\/\/twitter.com\/es\/privacy\">https:\/\/twitter.com\/es\/privacy<\/a><\/p>\n\n\n\n<p>Facebook: <a href=\"https:\/\/es-es.facebook.com\/privacy\/explanation\">https:\/\/es-es.facebook.com\/privacy\/explanation<\/a><\/p>\n\n\n\n<p>Instagram: <a href=\"https:\/\/es-es.facebook.com\/help\/instagram\/519522125107875\">https:\/\/es-es.facebook.com\/help\/instagram\/519522125107875<\/a><\/p>\n\n\n\n<p>Linkedin: <a href=\"https:\/\/es.linkedin.com\/legal\/privacy-policy\">https:\/\/es.linkedin.com\/legal\/privacy-policy<\/a><\/p>\n\n\n\n<p>Youtube: <a href=\"#community-guidelines\">https:\/\/www.youtube.com\/intl\/es\/about\/policies\/#community-guidelines<\/a><\/p>\n\n\n\n<h4 class=\"wp-block-heading\" id=\"4-correo-electronico\"><strong>4. CORREO ELECTR\u00d3NICO.<\/strong><\/h4>\n\n\n\n<p>Los datos personales que tratemos consecuencia de la recepci\u00f3n y\/o intercambio de correos electr\u00f3nicos, se tratar\u00e1n con la finalidad de atender y dar respuesta a su petici\u00f3n de informaci\u00f3n o consulta, para mantener los contactos comerciales o profesionales y relaciones que se produzcan como consecuencia de la misma, o para el mantenimiento en su caso de una relaci\u00f3n contractual.<\/p>\n","protected":false},"excerpt":{"rendered":"<p>I. INTRODUCCI\u00d3N Serco 2004 S.L (en adelante, la organizaci\u00f3n) se reserva la facultad de modificar esta Pol\u00edtica con el objeto de adaptarla a novedades legislativas, criterios jurisprudenciales, pr\u00e1cticas del sector, o intereses de la entidad. Cualquier modificaci\u00f3n en la misma ser\u00e1 anunciada con la debida antelaci\u00f3n, a fin de que tengas perfecto conocimiento de su [&hellip;]<\/p>\n","protected":false},"author":1,"featured_media":0,"parent":0,"menu_order":0,"comment_status":"closed","ping_status":"closed","template":"","meta":{"footnotes":""},"class_list":["post-65","page","type-page","status-publish","czr-hentry"],"_links":{"self":[{"href":"https:\/\/sercoenergia.com\/index.php\/wp-json\/wp\/v2\/pages\/65","targetHints":{"allow":["GET"]}}],"collection":[{"href":"https:\/\/sercoenergia.com\/index.php\/wp-json\/wp\/v2\/pages"}],"about":[{"href":"https:\/\/sercoenergia.com\/index.php\/wp-json\/wp\/v2\/types\/page"}],"author":[{"embeddable":true,"href":"https:\/\/sercoenergia.com\/index.php\/wp-json\/wp\/v2\/users\/1"}],"replies":[{"embeddable":true,"href":"https:\/\/sercoenergia.com\/index.php\/wp-json\/wp\/v2\/comments?post=65"}],"version-history":[{"count":6,"href":"https:\/\/sercoenergia.com\/index.php\/wp-json\/wp\/v2\/pages\/65\/revisions"}],"predecessor-version":[{"id":254,"href":"https:\/\/sercoenergia.com\/index.php\/wp-json\/wp\/v2\/pages\/65\/revisions\/254"}],"wp:attachment":[{"href":"https:\/\/sercoenergia.com\/index.php\/wp-json\/wp\/v2\/media?parent=65"}],"curies":[{"name":"wp","href":"https:\/\/api.w.org\/{rel}","templated":true}]}}